2383 (base 9) in base 6?
-102333
343 (base 7) to base 6
454
-bb4 (base 13) to base 10
-2006
What is 157b (base 14) in base 8?
7371
Convert -3ee (base 15) to base 3.
-1020022
What is -2ab (base 12) in base 8?
-643
What is -2427 (base 13) in base 11?
-391a
What is -110100111 (base 2) in base 15?
-1d3
3246 (base 10) to base 16
cae
Convert 2020211001 (base 3) to base 15.
d20a
-53937 (base 10) to base 15
-10eac
What is -4015 (base 12) in base 2?
-1101100010001
What is -100112120 (base 3) in base 14?
-276a
What is -614 (base 8) in base 16?
-18c
What is -923 (base 10) in base 8?
-1633
Convert -1011110 (base 4) to base 5.
-120221
What is -111200 (base 3) in base 9?
-450
Convert -24011 (base 5) to base 2.
-11011011100
221100 (base 3) to base 6
3100
100111111101 (base 2) to base 7
10312
Convert 112305 (base 8) to base 11.
26683
What is 6597 (base 10) in base 2?
1100111000101
Convert -3276 (base 9) to base 15.
-ab3
Convert -1632 (base 9) to base 12.
-878
Convert -3533 (base 6) to base 7.
-2322
-22200 (base 4) to base 8
-1240
Convert 4102 (base 5) to base 6.
2235
Convert -11212020 (base 3) to base 7.
-13221
Convert -6d5 (base 14) to base 13.
-80b
86 (base 12) to base 6
250
Convert -101100010 (base 2) to base 8.
-542
What is -10110201 (base 3) in base 10?
-2530
Convert 10303010 (base 4) to base 3.
222221212
What is -217 (base 12) in base 15?
-157
What is 111010110 (base 2) in base 5?
3340
What is -11278 (base 10) in base 11?
-8523
What is -2313 (base 4) in base 10?
-183
100011101101 (base 2) to base 7
6443
What is -22210333 (base 4) in base 6?
-532331
What is -8098 (base 13) in base 9?
-26247
-24 (base 12) to base 10
-28
Convert -aa (base 13) to base 6.
-352
Convert -10110011111011 (base 2) to base 15.
-362a
570 (base 15) to base 9
1616
-27176 (base 8) to base 2
-10111001111110
7ba (base 14) to base 9
2086
What is -411401 (base 5) in base 16?
-3427
cb (base 15) to base 10
191
What is 673 (base 10) in base 9?
827
Convert 2317 (base 13) to base 7.
20230
What is 6885 (base 9) in base 5?
130344
-48 (base 10) to base 15
-33
-c4 (base 15) to base 7
-352
What is 1a32b (base 14) in base 8?
201663
What is 1201120 (base 4) in base 14?
23b2
What is -271 (base 14) in base 11?
-407
Convert 111403 (base 5) to base 4.
332022
163 (base 8) to base 15
7a
-562 (base 9) to base 15
-20b
What is 44312 (base 6) in base 15?
1c5e
-1100001000 (base 2) to base 10
-776
-447 (base 10) to base 15
-1ec
Convert -1211100 (base 3) to base 7.
-3612
What is -d35 (base 16) in base 9?
-4566
7793 (base 11) to base 16
281a
Convert -110001001 (base 2) to base 6.
-1453
Convert 12ff (base 16) to base 5.
123423
Convert -101021111 (base 3) to base 7.
-30562
-ae1 (base 16) to base 6
-20521
What is -1357 (base 9) in base 16?
-400
1211020 (base 3) to base 13
7b3
786 (base 13) to base 10
1293
-133230 (base 7) to base 10
-25158
What is 16774 (base 10) in base 11?
1166a
What is -35123 (base 11) in base 16?
-c624
Convert 1699 (base 13) to base 3.
11120121
11112000 (base 3) to base 13
1665
Convert -23144 (base 6) to base 4.
-303220
Convert 19771 (base 10) to base 2.
100110100111011
400030 (base 5) to base 13
5909
Convert 1011022 (base 3) to base 11.
6a9
What is 3f6 (base 16) in base 15?
479
What is -1434 (base 6) in base 7?
-1054
What is 3510 (base 9) in base 16?
a29
What is -3794 (base 13) in base 2?
-1111011010111
2074 (base 14) to base 12
329a
What is -2a2 (base 14) in base 12?
-386
Convert 1100101100 (base 2) to base 9.
1102
What is -1607 (base 9) in base 10?
-1222
-234 (base 7) to base 16
-7b
6a75 (base 13) to base 15
467d
Convert -1001110201 (base 3) to base 4.
-11010103
-1300 (base 5) to base 13
-125
Convert -6377 (base 8) to base 7.
-12462
What is 1971 (base 13) in base 15?
11e0
481 (base 14) to base 16
381
Convert -21626 (base 7) to base 9.
-7435
Convert 2241301 (base 5) to base 12.
1b321
Convert 1105 (base 7) to base 12.
291
211020110 (base 3) to base 2
11111101010100
20415 (base 6) to base 5
41442
Convert 1101111111 (base 2) to base 11.
744
Convert -5286 (base 13) to base 5.
-331213
-320 (base 5) to base 10
-85
What is -371 (base 12) in base 13?
-30a
What is 245 (base 13) in base 10?
395
What is 41d (base 14) in base 13?
4a5
1417c (base 15) to base 14
196cb
-304252 (base 6) to base 12
-12088
11001321 (base 4) to base 3
1001021000
What is -1011101110 (base 2) in base 6?
-3250
Convert 10131 (base 4) to base 14.
165
What is 1130 (base 5) in base 9?
203
Convert 7858 (base 9) to base 3.
21221222
What is -a537 (base 12) in base 14?
-680b
Convert -1623 (base 8) to base 13.
-555
862 (base 13) to base 14
744
Convert 1adc (base 14) to base 11.
3753
What is -1001011101 (base 2) in base 8?
-1135
-2101 (base 6) to base 13
-2a1
What is -41140 (base 6) in base 7?
-21630
20639 (base 11) to base 8
72542
Convert -1403 (base 6) to base 5.
-2423
-3d80 (base 14) to base 5
-322032
What is -1c4 (base 14) in base 10?
-368
What is 1001011111 (base 2) in base 4?
21133
-33455 (base 7) to base 6
-103112
What is 5618 (base 12) in base 4?
2110310
What is -15214 (base 6) in base 8?
-4632
What is 4012042 (base 5) in base 9?
105861
What is 951 (base 11) in base 16?
479
Convert 839c (base 16) to base 15.
9eb2
Convert 111212000 (base 3) to base 4.
2131302
Convert 20121220 (base 3) to base 14.
1a90
-1010011101 (base 2) to base 8
-1235
What is -5727 (base 11) in base 3?
-101022221
202 (base 12) to base 3
101202
Convert -1006 (base 9) to base 4.
-23133
What is -11200200 (base 3) in base 14?
-1364
What is -1011111001110101 (base 2) in base 13?
-19267
Convert 108d (base 15) to base 3.
11210221
Convert 104435 (base 6) to base 3.
110002012
Convert -1101010110100 (base 2) to base 11.
-5155
What is 592 (base 16) in base 15?
651
What is 1864 (base 13) in base 15?
1121
What is 1212403 (base 5) in base 10?
22853
-24 (base 8) to base 3
-202
What is 168 (base 15) in base 6?
1255
Convert 476 (base 14) to base 12.
620
43210 (base 5) to base 13
1445
302200 (base 5) to base 9
14240
What is 32866 (base 12) in base 2?
10000010101001110
Convert 64672 (base 8) to base 13.
c420
Convert -4912 (base 12) to base 15.
-2682
What is 4403 (base 6) in base 3?
1101110
Convert 1001001101 (base 2) to base 13.
364
-8 (base 15) to base 8
-10
4229 (base 11) to base 3
21200022
What is -c8 (base 13) in base 3?
-20002
Convert 2413 (base 5) to base 12.
25a
Convert 20313 (base 5) to base 16.
535
What is 2414 (base 7) in base 4?
31331
Convert 15da (base 16) to base 14.
2078
What is 141104 (base 5) in base 11?
4384
What is 10110000111111110 (base 2) in base 6?
1535314
102321 (base 4) to base 15
559
What is 408 (base 16) in base 6?
4440
-3a88 (base 16) to base 4
-3222020
What is 2021212110 (base 3) in base 15?
d56c
Convert 947 (base 13) to base 12.
ab8
3096 (base 12) to base 15
1883
What is 72c2 (base 14) in base 15?
5cd0
Convert -55822 (base 10) to base 2.
-1101101000001110
What is -50 (base 8) in base 14?
-2c
Convert -35613 (base 7) to base 9.
-13576
What is -2004 (base 13) in base 4?
-1010232
Convert -1011222 (base 3) to base 14.
-459
What is 551232 (base 6) in base 9?
68572
-5436 (base 10) to base 6
-41100
What is -7a77 (base 11) in base 5?
-314421
-323222 (base 6) to base 15
-7d6e
What is -103221 (base 4) in base 2?
-10011101001
Convert 2555 (base 9) to base 15.
878
What is -505 (base 11) in base 4?
-21202
Convert dc (base 16) to base 8.
334
Convert -202a (base 14) to base 6.
-41330
-12323122 (base 4) to base 8
-67332
-281 (base 11) to base 8
-513
What is c9 (base 13) in base 8?
245
What is 2215 (base 9) in base 5?
23014
What is -110222022 (base 3) in base 16?
-24f2
Convert -4020 (base 10) to base 6.
-30340
Convert 321 (base 14) to base 6.
2505
What is 123 (base 13) in base 3?
21100
Convert 28a6 (base 15) to base 11.
65a5
Convert -5144 (base 6) to base 10.
-1144
Convert -1535 (base 15) to base 3.
-20020112
273 (base 16) to base 5
10002
What is 8ba (base 13) in base 15?
6a5
What is 1b06 (base 13) in base 11?
3063
200241 (base 5) to base 7
24300
Convert -16159 (base 13) to base 7.
-233260
Convert -1750d (base 15) to base 6.
-1341004
-17721 (base 8) to base 11
-6135
What is 1616 (base 15) in base 10?
4746
What is 4 (base 7) in base 8?
4
What is -11357 (base 12) in base 14?
-8523
Convert 15d3 (base 15) to base 3.
20110000
Convert -17 (base 11) to base 10.
-18
Convert -3